= 0, -2*y - 5*z = -0*y + 11. Let p(c) = -8*c + 7 - 3*c**y + 2*c + 4*c**2. What is p(6)?
7
Let w(r) be the first derivative of 2*r**3/3 - r**2 + 2. Let c be w(2). Let v(b) = b**3 - 4*b - 5 + c*b**2 - 3*b + 4. Calculate v(-5).
9
Let a(g) = 3*g + 11. Let p = 4 + -1. Let i(q) = -q - 4. Let y(j) = p*a(j) + 8*i(j). Let t be 2 + -4 + 6 + 0. Give y(t).
5
Let s be (-5)/(-2 + -1 - -2). Suppose 29 = -4*a - s*x, 28 = -4*a - 6*x + 2*x. Let t = 4 + a. Let g(k) = 5*k + 3. Give g(t).
-7
Let f(g) = -3 + 2*g + 0*g - 7 - g. Calculate f(0).
-10
Let p be (2/4)/((-18)/36). Let q = 6 + -1. Let v(f) = -f**2 + f - 1. Let a(k) = -k**3 - 5*k**2 + 4*k. Let h(g) = p*a(g) + q*v(g). Give h(0).
-5
Let w(q) = 9*q**3 - 6*q**2 - 8*q - 7. Let b(k) = -10*k**3 + 7*k**2 + 9*k + 8. Let z(m) = 6*b(m) + 7*w(m). What is z(-1)?
-2
Let q(o) = -26*o + 25*o - o**3 + 2*o**3 + 22. Give q(0).
22
Let n(t) = t**2 - 8*t + 4. Suppose 0*h - 4*h = -72. Suppose 5*b + 0*b + 5*g = 45, h = 5*b - 4*g. What is n(b)?
-8
Let m(f) = -f**3 + f + 7. Let w be 0/(-5 + 8/2). Give m(w).
7
Suppose 0 = -q - 4*q + 15. Let j(x) be the third derivative of 0*x**3 - 2*x**2 + 0 + 0*x + 1/8*x**4 - 1/60*x**5. Give j(q).
0
Suppose -2 = -2*x + 2. Suppose 3*c - z - 1 - 1 = 0, 22 = 5*c + 3*z. Let r(k) = 5*k**2 - k**3 + 4 - k**c - x*k - 2. Calculate r(4).
-6
Let h(x) = 3*x**2 + x - 1. Let o be h(1). Suppose 0 = -0*g - 3*g + o. Let l(u) = 2*u - 1 - 1 - u**2 + 1. Determine l(g).
0
Let w(j) = 97*j + 100*j + 6 - 199*j. Suppose -4*n = 20, 3*h - 2 = -n + 8. What is w(h)?
-4
Let z(a) be the first derivative of -a**4/4 + a**3 + 2*a**2 - a + 3. Calculate z(4).
-1
Let x(f) be the second derivative of 0 - 1/2*f**3 - 1/12*f**4 - 3/2*f**2 - 2*f. What is x(-3)?
-3
Suppose -f = 0, -3*q + 0*q = 3*f. Let j(d) be the second derivative of 1/6*d**3 - 3*d + q + 0*d**2. What is j(5)?
5
Let v(m) = m**3 - m**2 - m. Let a(u) = -2*u - 5. Let p be a(-10). Let d = p + -15. Determine v(d).
0
Let q(c) = -c - 8. Let u be q(-7). Let n(v) = 7*v**3 - 2*v - 1. Determine n(u).
-6
Suppose 8 - 32 = 4*v. Let l(w) = w. Let s(p) = 7*p + 5. Let j(g) = v*l(g) + s(g). Give j(0).
5
Let d(o) be the first derivative of o**4/4 + 4*o**3/3 - o**2/2 + o - 23. Suppose 2*h + 11 - 3 = 0. Determine d(h).
5
Let a(f) = -6*f**2 - f**3 - f + 3 - 1 + 2 - f. Give a(-5).
-11
Let q(o) be the third derivative of 0 + 0*o**4 + 1/6*o**3 + 2/15*o**5 + 0*o + 2*o**2. Let w(s) = -2*s**2 - 60*s + 61. Let v be w(-31). Calculate q(v).
9
Let k(d) = 4. Let w(f) = f - 7. Let r(l) = 5*k(l) + 3*w(l). Determine r(1).
2
Let h(a) = -a**2 + 6*a - 3. Suppose 5*n + 75 = -3*p, 3*p + 53 + 22 = 2*n. Let x = 41 + p. Suppose -k + x = 3*s - 2*k, 5*s + k = 32. What is h(s)?
-3
Let d = 0 + -4. Let k be (-13)/d + 2/(-8). Let c(y) = y**2 - 2*y + 1. Give c(k).
4
Let p(g) = -g**3 + 3*g**2 + 6*g - 6. Let j be p(4). Let n(o) = 3*o + o**j - 7 + 15 - 9 - o. Determine n(-3).
2
Let n(z) = z**2 + 3 - 346*z + 338*z + 3. Let h = -4 + 9. What is n(h)?
-9
Let r(p) = -p**2 - 2*p + 1. Let u be r(-4). Let i(j) = -2*j - 1. Let w(o) = o. Let s(b) = u*w(b) - 4*i(b). Let f(t) = -t + 3. Let h be f(3). Calculate s(h).
4
Let v(r) be the third derivative of r**6/120 - r**5/12 + r**4/12 - r**3/6 - 7*r**2 + 2. Calculate v(4).
-9
Let z(s) = -3*s - 2. Suppose -17 = 4*d + 3. Let j(v) = -7*v - 4. Let y(w) = d*z(w) + 2*j(w). Determine y(0).
2
Let a(m) = m**3 + m + 6. Let j be -5 + 3 - 1*-2. Give a(j).
6
Suppose 4*y = -k - 7 - 21, -2*k - 5*y - 41 = 0. Let x(n) = n + 6. Determine x(k).
-2
Let x(b) be the first derivative of -b**2/2 - 4*b + 4. Determine x(7).
-11
Suppose -2*s + 3 = -1. Let z(f) = 2 - 5*f - 1 - s + 3*f. What is z(3)?
-7
Let z(n) be the third derivative of -n**5/120 - n**4/24 - n**3/2 + 10*n**2. Let h(k) be the first derivative of z(k). What is h(5)?
-6
Let v(s) = -2*s + 12. Let i(j) = j - 6. Let h(p) = 7*i(p) + 3*v(p). Calculate h(6).
0
Let k(o) be the first derivative of -o**5/20 - o**4/24 + o**3 - 1. Let v(b) be the third derivative of k(b). Calculate v(-2).
11
Let d(n) = 0 - 8*n**2 + 7 + 17*n**2 - 8*n - 10*n**2. Calculate d(-8).
7
Let l(i) = -5*i**2 + 2. Let s(m) = -7*m**2 + 3. Let k(j) = 4*l(j) - 3*s(j). Give k(-2).
3
Let k(j) = -j**3 - j**2 + j + 1. Let m(h) be the third derivative of h**6/24 + 2*h**5/15 - h**4/12 - 2*h**3/3 + h**2. Let t(l) = -4*k(l) - m(l). Give t(-4).
8
Let g(b) = 8*b**3 + 2*b**2 - 1. Let i(a) = 2*a - 1. Let l be i(-2). Let u(f) = f + 6. Let d be u(l). Calculate g(d).
9
Let g(f) = -f**3 - 3*f**2 + 2*f + 2. Let d = -25 + 21. Calculate g(d).
10
Let u(w) = w**2 - w + 1. Let x(s) = 2*s - 5. Let k(p) = 5*p - 14. Let i(m) = 3*k(m) - 8*x(m). Let z be i(5). Let d be (-16)/z - 2/7. Give u(d).
3
Let m(s) = -s - 1. Let h be m(-3). Suppose 5*i + y = -h, -3*i + 5*y = 3*y - 4. Let g(l) = l - 2. Give g(i).
-2
Let k(d) = d**2 - 5*d. Suppose 5*p + 3*u - 8 = -0*u, -5*p + 12 = 2*u. Let j be 6/(p/8 - -1). Determine k(j).
-4
Let u(s) = s + 9. Let m be u(-4). Let n(w) = -w**3 + 6*w**2 - 5*w + 4. Give n(m).
4
Let x(a) = a**3 + 5*a**2 - 8*a - 9. Suppose -4*n + 5*d = 14, 4*d = 3*n + 16 - 6. Calculate x(n).
3
Let s(a) = -3*a + 2. Let c(o) = -2*o + 1. Let v(b) = -8*c(b) + 5*s(b). Suppose -d + 4 = d. What is v(d)?
4
Let d be 3 + -3 - 57/(-19). Let l(m) be the first derivative of -m**4/4 + m**3 - m**2/2 - 2*m - 1. Determine l(d).
-5
Let h(r) = 7*r + 0*r + 0*r**2 - r**3 + 3 - 4*r**2. Let d(i) = -i**2 + 4*i. Suppose 4*y = -2*n + 10, 4*n - 5 = 3*n - y. Let c be d(n). Calculate h(c).
-7
Let f(p) = -2*p**2 + 253*p - 4 + 3*p**2 - 254*p. Give f(4).
8
Let d(g) = -1 - 16*g - 13*g + 0 + 26*g. Give d(-1).
2
Let v(u) = 3*u**2 - 12*u + 9. Let b(s) = 10*s**2 - 37*s + 28. Let c(t) = -2*b(t) + 7*v(t). Give c(9).
-2
Let v(t) = -t**2 - t + 4. Let c = 6 + -3. Let p = c + 1. Suppose 4*y + 16 = p, 0 = 5*o + 5*y + 30. Determine v(o).
-2
Let t(u) be the second derivative of -u**5/20 - u**4/4 + u**3/3 - 5*u**2/2 + u. Suppose 4*q - 25 = -q. Suppose -c - 3 = -l, -l + q = -6*l. Give t(c).
3
Suppose 3*c + 3 = -2*j, 17 = c + c - 5*j. Let b = 1 - c. Let s(d) = d + 5 - d**3 + b - 5*d**2 + 1. Determine s(-5).
1
Let r(m) = m**3 + 3*m**2 - m + 2. Let j = -10 + 8. Give r(j).
8
Let k(t) = -t + 2*t**2 - 2*t**2 + t**2. Let l = 2 - 0. Give k(l).
2
Let n(u) = 2*u**3 + u**2 - u + 1. Let x = -1 - 1. Give n(x).
-9
Let f(n) be the second derivative of -n**6/720 - n**5/20 - n**4/4 - n. Let w(c) be the third derivative of f(c). What is w(0)?
-6
Let p(r) = 4*r + 2. Let h = -11 - -9. Calculate p(h).
-6
Let l(b) = 3*b**2 - 2*b - 82 - b + 78. Determine l(3).
14
Let d(a) = -6*a**3 + a - 1. Let z(g) = 19*g**3 - 3*g + 4. Let h(n) = 7*d(n) + 2*z(n). Suppose 0*j = -5*j - 5. Give h(j).
4
Suppose 0 = 3*z - 14 - 49. Let k be 10/6 + 7/z. Let h(t) = 8*t - 3*t + 1 - 2. Calculate h(k).
9
Let c = 8 - 5. Suppose c*d = 4*g + 10, -5*g - 2*d = 2 - 1. Let b(s) be the third derivative of s**6/40 - s**5/30 - s**4/12 - s**3/6 - s**2. What is b(g)?
-4
Let v(k) = 6*k + 2. Let j(q) = -q. Let x be j(2). Calculate v(x).
-10
Let w(y) = y**3 - 4*y**2 + 3*y - 1. Let j = -6 + 12. Let r be j*1/(-2 + 4). What is w(r)?
-1
Let k(r) = 2*r - 4. Let d(z) = -z - 2*z + 4*z. Let s be d(4). Give k(s).
4
Suppose 15 = 3*a + 2*a - 2*p, 0 = -5*a - p + 30. Let o(q) be the third derivative of 2*q**2 + 0*q**3 + 1/6*q**4 + 1/60*q**a + 0*q + 0. Determine o(-3).
-3
Let a be (-33)/(-9) + 2/6. Let g(m) = 3*m + 14*m - 20*m - 4. Give g(a).
-16
Let r(d) = 7*d - 2*d - 4 + 7 - 4*d. Suppose -h - 8 = -2*q, q = 4*h - 4*q + 29. Give r(h).
-3
Let l(b) = -4 - 6*b**2 + b - 2 + 7*b**2 + b**3. Calculate l(0).
-6
Let n(u) be the second derivative of -u**3/3 - u**2/2 + 2*u. Let v be 1 - -2 - (2 + -2). Suppose -3*d + m = -0*d - 16, -2*d - v*m - 4 = 0. Give n(d).
-9
Let k(m) = -26*m - 1 + 10*m + 4*m + 7*m. What is k(-2)?
9
Let v(m) = -m - 5. Let j be -1 - 5/1 - 1. Let x = j - -12. Suppose 0 = q - 1 - 3, -2*d + 10 = x*q. Determine v(d).
0
Let w(z) = -z. Let h be w(-2). Suppose 2 = y - h. Let c(b) = b**3 - 4*b**2 + b - 5. Determine c(y).
-1
Let c(m) be the second derivative of m**7/2520 + m**6/180 + m**5/120 + m**4/3 + 3*m. Let i(y) be the third derivative of c(y). Determine i(-4).
1
Let g(k) = k + 0*k - 3 + 1. Let t be g(4). Let s(c) = -5*c + 2*c + 3 + t*c. Calculate s(3).
0
Let p(l) = 3*l**3 + l**3 - l**3 - l**2. Let t = 1 - 2. Give p(t).
-4
Let s(u) = 3 +